. What is the highest common factor of 40 and n?
40
Suppose 5*i + 3*a = 109, 3*a = -4 + 13. Suppose -22*k = -i*k - 96. Let d be ((-2)/3)/(2/(-48)). Calculate the greatest common factor of d and k.
16
Let r(z) = 2*z - 2. Let i be r(1). Suppose 5*t + 254 = 4*n, i*n = -n + 5*t + 56. Calculate the highest common divisor of n and 6.
6
Let l(d) = 26*d**2 - 19*d - 167. Let r be l(-7). Calculate the highest common divisor of 62 and r.
62
Let h(f) = f**2 - f - 1. Suppose 0*w = 3*w + 21. Let b = 4 + w. Let k be h(b). What is the highest common factor of 77 and k?
11
Let z(j) = -68*j - 2688. Let i be z(-40). Let r be ((-8)/6)/(1/(-84)). Calculate the highest common divisor of i and r.
16
Suppose 4*r = -0 - 4, c - 4*r = 14. What is the highest common divisor of c and 4?
2
Suppose 0 = -c - n + 53, 2*c + 59*n = 62*n + 81. What is the highest common divisor of c and 128?
16
Suppose -159 = 12*i - 423. Calculate the highest common divisor of 2926 and i.
22
Suppose -5*f = -29*n + 28*n + 3, 0 = 4*f. Calculate the greatest common divisor of 21 and n.
3
Let p = -97 - -65. Suppose 0 = 3*u + 6 - 141. Let t = p + u. What is the highest common divisor of t and 52?
13
Suppose 2*d = 5*d + 3*n - 15, -3*d - n + 5 = 0. Suppose 0 = -d*c - 4*c + 20. Let f = -93 - -133. What is the highest common divisor of f and c?
5
Suppose -p = 4*i - 5 - 71, p = -2*i + 78. Let u = -1 + 5. Suppose 2 = k + u*w, -4*k - 1 = 2*w - 37. What is the highest common factor of p and k?
10
Let l = -3 - -2. Let v be l/((-2)/14)*2. Let o(i) = -i**3 - i - 2. Let k be o(-3). What is the greatest common factor of v and k?
14
Let z be 3/(-9) - (-39)/9. Let c = z - 1. Suppose 44 + 19 = c*l. Calculate the highest common factor of 3 and l.
3
Let h(u) = u**3 + 12*u**2 + 8*u + 26. Let b be h(-12). Let n = -40 - b. Calculate the greatest common factor of 75 and n.
15
Let c = -570 - -674. Calculate the greatest common factor of 468 and c.
52
Suppose 111 - 42 = 2*i + 3*p, 171 = 4*i - 5*p. Calculate the highest common divisor of 897 and i.
39
Suppose -3*v - 484 = -14*v. Let u = v + 51. Calculate the greatest common factor of u and 38.
19
Suppose 0 = 2*a + 3*p - 285, 4*a - 18*p - 549 = -21*p. Let h = 9 + 3. Calculate the greatest common divisor of h and a.
12
Suppose 13 = 4*y + 2*o - 3*o, 3*y - 5*o - 31 = 0. Suppose -7 = -m + y. Suppose 4*n - 27 = 225. What is the highest common divisor of m and n?
9
Suppose -4*k - 4*r + 20 = 0, -k + 2*r - r + 1 = 0. Let z(c) = c + 1. Let n be z(-6). Let l be 18/n*20/(-3). Calculate the greatest common factor of l and k.
3
Suppose 33 = 19*q - 18*q. What is the highest common factor of q and 429?
33
Let v be (-27)/(-18)*19/(57/36). Calculate the greatest common factor of 2826 and v.
18
Let c be -12*(1 + -7)*2. Suppose -4*g + h = -144, -4*g + 0*g + 5*h = -c. Calculate the greatest common divisor of 288 and g.
36
Suppose -4*a + 0*a + 512 = 4*t, 5*a = -t + 140. Suppose -b + 55 = 2*b - 5*m, -4*m + 91 = 3*b. Calculate the highest common factor of b and t.
25
Let x = -259 - -384. What is the greatest common divisor of x and 175?
25
Let x = -256 - -286. What is the highest common divisor of 270 and x?
30
Let g(y) = 5*y**2 + 3. Let v be g(13). Calculate the highest common factor of v and 106.
106
Suppose 295 = 2*m - 5*k, 3*k + 10 = 1. Calculate the greatest common factor of 40 and m.
20
Let r be (-2)/4*((-3 - -2) + -37). What is the greatest common factor of r and 608?
19
Suppose v - 4*v + 72 = 0. Let w = 0 - -1. Let k be (-12)/(-1*(w - 0)). What is the greatest common divisor of v and k?
12
Suppose 0 = -5*r - 0 + 10. Let x be r + (21 - (-1 + -1)). Let m be 231 + (84/(-12) - (-1 - (1 + -1))). What is the greatest common factor of x and m?
25
Let a be -5 + 8 - 1470/(-3). Calculate the greatest common divisor of 17 and a.
17
Let l be 5 + (3 - 2) + -4. Suppose -4*s = 4*b + 372 - 1660, -l*b + 2*s + 636 = 0. What is the highest common factor of b and 32?
32
Let x(z) = 24*z**2 - 38*z + 224. Let p be x(7). Calculate the greatest common divisor of p and 126.
126
Let a(s) = -9*s**3 - 4*s**2 - s + 2. Let w be -4*(0 - (-3)/6). Let p be a(w). Let u be 660/54 - 6/27. Calculate the highest common divisor of p and u.
12
Suppose -715 = 6*i - 17*i. Calculate the greatest common factor of 325 and i.
65
Let j = -68 - -84. Let n = -157 - -159. What is the greatest common factor of n and j?
2
Let k(p) = 3*p**2 + 2*p - 1. Let o be k(1). Suppose -x = 0, 3*x - 30 = -2*q + 4*q. Let a = 21 - q. What is the highest common factor of a and o?
4
Let a be (27/2)/3*400/30. Let t = -12 + a. What is the greatest common divisor of t and 6?
6
Let i = 38 - 36. Suppose 1 - 5 = -i*s. What is the greatest common factor of 2 and s?
2
Let y = 1135 + -776. Suppose t + y = 3*h - 3*t, 508 = 4*h + 2*t. Suppose 5*i = 16*i - 550. Calculate the greatest common factor of i and h.
25
Suppose 0 = 4*f + f - 30. Let u be (1 - f)*(-7)/(-7). Let l be 4 - ((-7 - -4) + u). Calculate the highest common divisor of 12 and l.
12
Let d be 3 + 4*1/2. Let q(c) = -c**3 + 12*c**2 - 11*c + 8. Let t be q(11). Suppose -6 - 2 = -t*m. What is the highest common divisor of m and d?
1
Let u(n) = 24*n**2 + 2*n - 2. Let y be u(-2). Let k(w) = -6*w**2 - 5*w + w**3 - 15 - 5*w - 2*w**3. Let z be k(-5). What is the highest common factor of z and y?
10
Suppose -5*j + 0*t = -t - 4593, -2*t + 912 = j. What is the greatest common divisor of 68 and j?
34
Let u be -352 - (-5)/(20/(-16)). Let f = u + 636. Calculate the highest common factor of 35 and f.
35
Suppose 1325 = 5*i + 2*h + 131, 0 = -i + 3*h + 249. Calculate the greatest common divisor of 300 and i.
60
Suppose -35 = -4*t + 109. Calculate the greatest common divisor of 396 and t.
36
Let a(k) = -18*k + 56. Let x be a(-4). Calculate the highest common factor of x and 8.
8
Let c = 11 - 7. Suppose -c*k = -5*q - 128, 3*q + 107 + 21 = 4*k. Let u = 46 - k. Calculate the greatest common factor of u and 14.
14
Let s be -1*65/(5 - 0). Let v(p) = -4*p - 44. Let d be v(s). Calculate the highest common divisor of 20 and d.
4
Suppose 6 - 8 = -m. Suppose 4*a + 4*y + 3 = -1, -a + m*y + 8 = 0. What is the highest common divisor of a and 5?
1
Suppose -3*h = 0, -4*h = g - 8*h - 1020. Calculate the highest common divisor of g and 68.
68
Suppose 3*j - 3*x = 144, x - 4 - 188 = -4*j. Calculate the greatest common factor of 228 and j.
12
Suppose 4*h + 166 = 210. Let s(c) = 8*c + 52. Let x be s(h). Calculate the highest common factor of 28 and x.
28
Let v(h) = h**2. Let l be v(2). Suppose 13 = l*y - 91. Let u be 6/(-96)*4 + (-106)/(-8). What is the highest common factor of u and y?
13
Let f(m) = m**2 - 11*m + 9. Let j be f(7). Let c = -8 - j. Let q = 37 - -62. What is the greatest common divisor of c and q?
11
Suppose 0 = -6*a - 2 - 4. Let i be ((-3)/(6/a))/((-3)/(-1008)). What is the greatest common divisor of 42 and i?
42
Let z be 1/(0 - 2/(-8)). Suppose z*m - 360 = -52. Calculate the highest common factor of m and 11.
11
Let k = 454 - 30. What is the highest common divisor of 32 and k?
8
Let p(v) = v**2 - 20*v - 6. Let f be (-1)/(54/(-26) - -2). Let m be p(f). Let c = -67 - m. Calculate the greatest common factor of c and 12.
6
Let g(z) = 2*z - 9. Let x be g(8). Suppose x*y = 4*y - 30. Let s(u) = -10*u + 10. Let m be s(y). Calculate the greatest common divisor of 10 and m.
10
Suppose -1 = 5*u + 4, 3*u = -3*g - 57. Let l = -14 - g. What is the highest common factor of 2 and l?
2
Suppose 20*g - 4359 + 1139 = 0. What is the greatest common divisor of 23 and g?
23
Suppose 44*u + 10 = 49*u. Let t be 35 - ((-3)/u)/((-1)/2). Suppose 1 = -f + 5*a, 0 = -0*f + 4*f + 5*a - 21. Calculate the highest common factor of f and t.
4
Let z = -3 - 11. Let g be (-2)/4*(-36)/(-2)*z. Suppose 3*s + 18 = 4*s. What is the greatest common factor of g and s?
18
Let c = -1008 - -1020. What is the highest common divisor of 78 and c?
6
Suppose 0 = 108*u - 114*u + 252. What is the highest common divisor of u and 189?
21
Suppose -4*j - j + 2*g + 88 = 0, 80 = 4*j - 4*g. What is the highest common factor of 176 and j?
16
Let m be 15/35 + 4580/28. Calculate the greatest common divisor of m and 287.
41
Suppose -i = 2*s - 0*s - 159, -3*i = -5*s + 403. Let c = -2 + 12. Calculate the highest common divisor of s and c.
10
Suppose 76 = 4*s - 4*i, -4*s + 0*i - 5*i + 85 = 0. Let 